701. What is the thousands digit of c?
1
Suppose -678 = -2*x - 3*c, 0*c - 1014 = -3*x - 3*c. Suppose 8*z = 4*z + x. Suppose -5*p - 4*t = -212, 2*p + 3*t - z = t. What is the units digit of p?
4
Let u(s) = -s + 9. Suppose 8*z - 7*z = 9. Suppose -21 = 5*l + z. What is the units digit of u(l)?
5
Let x = 191 + -128. Suppose 62*h - x*h + 420 = 0. What is the tens digit of h?
2
Let s = 25958 - 10006. What is the hundreds digit of s?
9
Let u = 715 + -715. What is the hundreds digit of (u + 5)/((-64)/(-9856))?
7
Let b = 1 - -3. Let p be 45/(3 + 6)*5. Let o = b + p. What is the units digit of o?
9
Suppose -881 = -2*v + k, 3*k = 5*k - 6. Suppose -v = -10*u + 1108. What is the units digit of u?
5
Suppose c - 5*n - 102 = 0, 9*c - 4*c - 554 = 3*n. Let u = c - -145. Let h = u + -148. What is the tens digit of h?
0
Suppose 0 = 5*a - 52 - 23. Let d be 53656/120 + (-2)/a. Suppose 0 = 7*r + 83 - d. What is the units digit of r?
2
Let l(s) = 304*s + 496. Let u(t) = 60*t + 99. Let d(v) = 2*l(v) - 11*u(v). What is the units digit of d(-12)?
7
Suppose 1163 = 20*z - 277. What is the units digit of z?
2
Suppose 62*r + 3*r - 141375 = 0. What is the units digit of r?
5
What is the hundreds digit of (-300627)/((-16)/(80/45))?
4
Suppose 34*h - 3526 = -432. Suppose h*s = 98*s - 3605. What is the units digit of s?
5
Let c = -354 - -1881. What is the thousands digit of c?
1
Suppose 0 = 3*u - 5*v - 6475, 10765 = -39*u + 44*u + 5*v. What is the hundreds digit of u?
1
Suppose 86 - 54 = -8*c. What is the units digit of c*9/6 + 673?
7
Let g(u) = 1053*u**3 - 12*u**2 + 11*u. What is the hundreds digit of g(1)?
0
Suppose -3*o - 2*o = -20. Suppose 0 = o*p - 3*s + 5 + 29, -3*p = -s + 28. What is the units digit of (-2)/p - 578/(-10)?
8
What is the thousands digit of -41 + 34 - (6/(-18))/((-3)/(-124101))?
3
Let c = 335 + 41. Let w = c - -79. What is the units digit of w?
5
Let k = 4827 - 14352. What is the units digit of k/(-30)*(13/5 + -1)?
8
Suppose d = 2*d - 2, 98 = -4*w - 5*d. Let i = 23 + w. What is the units digit of 54*(-2 + -1 - i)?
4
Suppose 0 = -0*c + c + 33. Let o = c - -37. Suppose 3*h - 204 = -o*w - 61, -4*w + 5*h + 135 = 0. What is the units digit of w?
5
Let o = 463 + -1087. What is the units digit of 1/(-1)*(o - 24/8)?
7
Suppose 11*s + 36847 = 2*n + 6*s, -4*s + 55351 = 3*n. What is the hundreds digit of n?
4
Let r = 703 - 504. Suppose -187*l = -r*l + 23556. What is the units digit of l?
3
Suppose -18*b + 11*b = -70. Suppose -6*z = -b*z + 756. What is the hundreds digit of z?
1
Let k = 73447 + -44638. What is the thousands digit of k?
8
Suppose -26*o - 5*o - 124 = 0. What is the tens digit of (-20)/o + 592 - 5?
9
Let b = -46531 + 71361. What is the thousands digit of b?
4
Let z = 15569 - 5875. What is the units digit of z?
4
Suppose -4*l + 1220 = 2*o, -801 = -o + 3*l - 216. What is the hundreds digit of o?
6
Let v(q) = 9*q**2 + 15*q + 1. Let t be (6/((-6)/3))/(1/(-2)). What is the tens digit of v(t)?
1
Suppose 4*l + 5*a = 8*l - 29, 3 = l + 3*a. Suppose 585 = l*w - 3*w. What is the tens digit of w?
9
Let q(y) = -16*y**3 + 7*y + 35. What is the units digit of q(-5)?
0
What is the ten thousands digit of ((-6)/(-57) - 0) + 6510/1330 - -11757?
1
Let d = -41 - -41. Suppose d = -8*r - 331 + 3643. What is the hundreds digit of r?
4
Suppose 0 = 3*o - 2*o - 2, -4*x = -4*o - 8276. Suppose -125 - x = -9*m. What is the tens digit of m?
4
Suppose -2*r + 4*r + 2*m - 14 = 0, 0 = -5*r + 2*m + 7. Suppose 0 = 3*y - 35 + 20, 3*w + r*y = 2370. What is the hundreds digit of w?
7
Suppose g = -2*k + 18816, 92*k - 91*k = -4. What is the ten thousands digit of g?
1
Let s(q) = -1110*q - 203. What is the tens digit of s(-11)?
0
Let n(r) = 7*r - 84. Let s be n(11). Let y(c) = -55*c - 203. What is the hundreds digit of y(s)?
1
Suppose -9 = 2*u - 109. Let t(q) = -7*q + 43 + u - 101. What is the units digit of t(-12)?
6
Suppose 1266 - 26 = -20*x. What is the hundreds digit of (-5)/((-25)/24)*(-6355)/x?
4
Let o(p) = 2*p**3 + 37*p**2 - 10*p + 7. Let v(c) = 3*c**3 + 38*c**2 - 11*c + 7. Let w(q) = -4*o(q) + 3*v(q). What is the units digit of w(34)?
1
Suppose 3*b = 8*b - 15. Suppose 2 = 5*u - 2*y, y = -b*u + 4*u - 1. Suppose -7*n + 5*n + 124 = u. What is the tens digit of n?
6
Let b(k) = 1871*k + 12037. What is the thousands digit of b(9)?
8
Suppose -w + 9490 = 3*b + 612, 0 = -w - 5. Suppose -b - 5304 = -5*l. What is the thousands digit of l?
1
What is the hundreds digit of -5*9/(-10)*(1 + 2051)?
2
Let b be (-4684)/((-12)/(-3)) + (2 - 6). Let p = b + 1658. What is the tens digit of p?
8
Let t be ((-3)/(-6))/(12/120). Suppose 112 = 2*r - r - 3*v, -t*v + 72 = r. What is the tens digit of r?
9
Let p be (-12)/16*-4 - 1. Suppose p*u - 34 = -0*n + 2*n, -u - 1 = 5*n. Let y(i) = 5*i + 26. What is the units digit of y(u)?
6
Suppose -236120 - 49609 = -41*d. What is the hundreds digit of d?
9
Let u = 361 - 508. Let n = -135 - u. Suppose -n*y + 3864 - 1248 = 0. What is the hundreds digit of y?
2
Suppose -4*q + 14 = -14. Let n(l) be the first derivative of -l**4/4 + 10*l**3/3 - 18*l + 81. What is the units digit of n(q)?
9
Suppose 0 = 2*f + n - 2 - 19, f + 4*n = -7. Suppose -f*p + 2516 + 2658 = 0. What is the tens digit of p?
9
Let y(v) = 5*v + 16. Let k be (1/((-5)/(-15)) - 3) + 17. What is the units digit of y(k)?
1
Let a = 25203 + -11951. What is the units digit of a?
2
Suppose -28*v - 20455 + 3870 = -135*v. Let l be ((-50)/4)/(1/6). Let g = v + l. What is the units digit of g?
0
Suppose 0 = 19*w - 36968 - 170493. What is the units digit of w?
9
Let p(d) = -3*d**2 + 5*d + 6. Let r be p(3). What is the hundreds digit of 1048 - r*(-4)/6?
0
What is the thousands digit of (-62)/341 - 83657/(-11)?
7
Suppose -4*a + a - 226640 = -2*w, 377708 = -5*a - 3*w. What is the units digit of a/(-70) - (-3)/(-15)?
9
Suppose -318253 - 6549179 = -253*n. What is the hundreds digit of n?
1
Suppose -n + 12280 = 303*z - 304*z, -2*n = z - 24545. What is the units digit of n?
5
Let t be (-1 + -1)/(40/75180). What is the tens digit of (t/105)/(2/(-10))?
7
Suppose -5*o = 3*z - 64436, -156*o + 158*o = -z + 21479. What is the ten thousands digit of z?
2
What is the units digit of (870/(-18) + 8/(-6))*-60?
0
Suppose -2*d + 244 = 2*d. Suppose 3*c + 4*o - 26 = 63, -5*o - 5 = 0. Let u = d - c. What is the units digit of u?
0
Let h(c) = 4*c + c**3 - 3*c**2 - 2*c**3 - 9*c + 15 + 1. What is the tens digit of h(-5)?
9
Suppose 2*z = -5*z + 4*z. Suppose -5*w = 2*p - 23, z*p + 3*p - 24 = -4*w. Suppose -394 = p*x - 1054. What is the tens digit of x?
6
Let c be 2/(-6)*(18 + -297). Suppose 7695 = c*d - 74*d. What is the hundreds digit of d?
4
Suppose 5*c = 3452 + 638. What is the units digit of c?
8
Suppose -6*z - 8 = 16. What is the units digit of (-2*89 + z)/((-20)/170)?
7
Let r(a) = -3*a**3 - 3*a**2 + 3*a + 5. Let b be r(-6). Let l = -277 + b. What is the units digit of l?
0
Suppose 165226 = -36*i + 531058. What is the units digit of i?
2
Suppose 78*t = -43*t - 29*t + 1196550. What is the hundreds digit of t?
9
Let p = 43533 + 6544. What is the units digit of p?
7
Let q(r) be the third derivative of r**6/60 - r**5/30 - r**4/8 + r**3/2 - 163*r**2. Let v be (4/5)/(2/5). What is the units digit of q(v)?
5
Let g(d) = -12*d + 177. Let l be g(-24). Suppose -2*a = -1715 + l. What is the units digit of a?
5
Suppose 7*t = 10*t - 15. Let i be t/10 + 10/12*3. Suppose i*d - 231 = 45. What is the units digit of d?
2
Let i be (-1*3)/((-81)/(-81)). What is the hundreds digit of (14 - 19) + 814 + 4 + i?
8
Suppose 5*h - 9*h - 413 = 5*z, -2*z + 378 = -4*h. Let v = 245 - h. What is the units digit of v?
2
Suppose -5964 - 21505 = -5*z + 3*q, 0 = 5*z + 3*q - 27451. What is the units digit of z?
2
Suppose 0 = -5*u + 82*u - 541387. What is the units digit of u?
1
Let p(f) = 3*f**3 - 48*f**2 - 39*f + 90. What is the tens digit of p(30)?
2
What is the hundreds digit of (130354/(-42))/(((-4)/(-6))/(-2))?
3
Let z be (-11 - -3)*(14 - 3). Let s(h) = -4*h**3 + 10*h**2 + 4*h - 47. Let f be s(5). Let r = z - f. What is the units digit of r?
9
Let x(r) = 3 + r**3 - 244*r**2 - 1 + 7*r + 252*r**2. Let p be x(-7). What is the hundreds digit of (-12 + 13)/(p/396)?
1
Let s(y) = 953*y + 18139. What is the ten thousands digit of s(0)?
1
Let v(w) = 1611*w - 2577. What is the thousands digit 